mon divisor of 1 and f?
1
Let g be (2 - 2) + 1 + 3/3. Let f be (2/4)/(-1*(-1)/g). Let y be f - 4/2 - -2. Calculate the greatest common factor of y and 4.
1
Let n = 6830 - 6405. What is the highest common factor of n and 225?
25
Suppose 6*i - 544 = 2*i. Let w = -394 - -408. Suppose w*n - 144 = -4*n. Calculate the greatest common factor of n and i.
8
Suppose -3*x + 9 = 0, 43*d + 135 = 46*d - x. What is the greatest common divisor of d and 4025?
23
Suppose 0 = -3*y - 4*d - 42, 0*d - 30 = 2*y + 2*d. Let o be 38/(-6)*y/2. Suppose 0 = 6*c + 9 - o. Calculate the highest common factor of c and 2.
2
Let p be (-4 + 1)*-3 + (-1 - -3). Suppose p - 47 = -o. Suppose 7*z = 2*z + 450. What is the highest common factor of o and z?
18
Let w = 280 + -263. Let a = -34 - -33. Let f be a*(-4 + 0 + -115). What is the greatest common divisor of f and w?
17
Let f be ((-16)/(-20))/((-6)/28080*-6). What is the greatest common divisor of f and 897?
39
Let l be 1/((77/336)/11). Suppose -2*n = 4*o - l, 0 = 5*o + 2*n - 6*n - 34. Calculate the highest common divisor of 125 and o.
5
Suppose -58 = -13*f + 20. Suppose -i + 66 = -30. Calculate the greatest common factor of i and f.
6
Let v = -62 - -66. Let b be ((-297)/(-36))/((-2)/8)*v. Let j be b/(-3) + 9 + 20/(-4). Calculate the greatest common factor of 24 and j.
24
Let v be 3 - (263 - (-8)/2). Let l be (-4)/28 - (v/(-14))/1. Let d(w) = -w**3 - 19*w**2 - w - 10. Let h be d(l). What is the greatest common factor of 3 and h?
3
Let a = -75 - -96. Let k(j) = -j**3 - 16*j**2 - 19*j - 30. Let d be k(-15). Suppose d = 6*q - 12. Calculate the highest common factor of q and a.
7
Let d be ((-6)/(-39) + 798/1235)*(-275)/(-10). What is the greatest common factor of 25366 and d?
22
Let z = 970 + -925. Let m = z + -39. What is the highest common factor of m and 534?
6
Suppose 0 = -5*a + 72 - 7. Suppose -313 = 27*y - 32*y - 4*n, -2*y + 145 = -5*n. What is the greatest common divisor of y and a?
13
Suppose 56 = 5*i + 4*s, -3*i + 2*s - 48 = -8*i. Suppose 3*z = -2*w + 136, -4*w + 5*w = -5*z + 222. Calculate the highest common divisor of z and i.
4
Let i be (-5 - 238/(-3))/(2/6). Suppose -x - f + 59 = 2*f, f + i = 4*x. What is the greatest common factor of 252 and x?
28
Suppose 0 = -5*z + k + 11, -4*z - 2*k + 24 = k. Suppose -81 = z*a + 2*i + i, -4*a - 114 = i. Let r = 37 + a. What is the greatest common factor of r and 4?
4
Suppose -12*z + 1190 = -754. Calculate the greatest common factor of 4 and z.
2
Let c(z) = -127*z - 2172. Let x be c(-18). Suppose 4*j + o - 757 = 0, 4*j + 165 = -5*o + 910. What is the highest common factor of x and j?
38
Suppose -46 = -h + 23. Suppose -v - 4*s + 131 = 0, -4*v + 152 = -5*s - 288. Calculate the highest common divisor of h and v.
23
Let t be 2/(6/45) + -2. Let s = t - 8. Let m(c) = c**3 - 8*c**2 + 13*c - 37. Let z be m(7). What is the greatest common factor of z and s?
5
Suppose 2*t + 225 = 2*v - 3*t, -4*t + 93 = v. Let x(z) = -z**2 + 22. Let h be x(0). Suppose 4*q - 62 - h = 0. Calculate the highest common factor of q and v.
21
Suppose 206*a = 270*a - 7040. Suppose 3*u + 996 = 6*o - o, 4*o + 3*u = 786. Calculate the greatest common factor of o and a.
22
Suppose 2*x - 13048 = -4*g, 0 = -22*x + 10*g - 6*g + 143576. What is the greatest common factor of x and 753?
251
Let o = -189 - -505. Suppose o + 260 = 9*f. What is the greatest common divisor of 160 and f?
32
Suppose 383 - 408 = -5*y. Let b be ((5 - y) + -5)/((-1)/3). Calculate the highest common divisor of 105 and b.
15
Let x(a) = 3*a**3 + 2*a**2 + 5*a - 4. Let j be (1 - 2)/((-2)/6). Let c be x(j). What is the greatest common divisor of c and 44?
22
Let q = -17759 - -21431. Calculate the greatest common divisor of 504 and q.
72
Let r(f) = -f**2 + 6*f + 308. Let z be r(0). What is the greatest common factor of z and 1628?
44
Suppose 6*c - 914 = -878. Let t = -1 + 1. Suppose 2*s = 4 - t. Calculate the greatest common divisor of c and s.
2
Suppose -28*z - 102*z + 205527 = 517. What is the greatest common divisor of 249 and z?
83
Let p(m) = m**3 - 88*m**2 + 294*m - 65. Let v be p(85). Calculate the greatest common factor of v and 26.
26
Let d(j) = -30*j - 3. Let g be d(-4). Let i be (-895)/(-10) + -12 - 2/(-4). Calculate the greatest common divisor of i and g.
39
Let c be -2*301/28*-10. What is the highest common factor of c and 27520?
215
Let n = 89 + -51. Let z = -4032 + 4241. Calculate the highest common factor of z and n.
19
Let f(u) = 16*u - 494. Let d be f(34). What is the highest common factor of 1250 and d?
50
Suppose 2*n - 17 = 5. Let o = 1793 + -1661. What is the greatest common factor of n and o?
11
Suppose -18*w + 1006 = 29*w + 254. What is the highest common factor of w and 88?
8
Let d be 1/5 - 519/(-5). Let a = 18058 + -18045. What is the greatest common divisor of a and d?
13
Let s = 162 + -159. Suppose s*j - 5*j = -4*t - 64, 0 = 4*j + 4*t - 128. What is the greatest common divisor of 160 and j?
32
Suppose 3*t - 3*l - 33 = -0*t, 9 = -t - 3*l. Suppose -5*k + 117 = n, 2*n - 189 = 2*k + 3*k. Calculate the greatest common factor of n and t.
6
Suppose -21 - 19 = -5*r. Let x(l) = 261*l - 7806. Let y be x(30). Calculate the greatest common divisor of y and r.
8
Let p = -382 - -385. Let x be p - 0*(-4)/16*-2. What is the greatest common divisor of 21 and x?
3
Suppose 90*w + 2613 = 59*w + 44*w. What is the greatest common factor of w and 21507?
201
Suppose 0 = 2*q + v - 0 - 1, 2 = q - v. Suppose q - 61 = -t. Calculate the highest common factor of 510 and t.
30
Suppose 38*s - 16*s = 14596 + 254. Calculate the greatest common divisor of 1035 and s.
45
Suppose 0 = -z + 2*n + 157, -4*z + 3*n + 275 = -373. Calculate the greatest common divisor of z and 69135.
165
Suppose -1244*h + 1205*h + 10140 = 0. Calculate the greatest common divisor of h and 4316.
52
Suppose -820*y - 11274 = -930*y - 54. Calculate the highest common divisor of 834 and y.
6
Let r = -37 + 39. Suppose 0 = -4*j + 2*b + 18, -3*j + 17 = -0*j + r*b. Suppose 5*a - 25 + j = 0. What is the highest common divisor of 16 and a?
4
Suppose -9598 = 7*i + 566. Let q be 3 + 72/(-20) + i/(-20). What is the highest common factor of q and 168?
24
Let t be (-1461)/(-11) + ((-126)/(-33))/21. What is the greatest common divisor of t and 551?
19
Suppose 22*h - 31*h = -1287. Let k = -15 - -26. Suppose -6*u + 5*u + k = 0. What is the highest common divisor of u and h?
11
Let o(h) = 6*h + 5. Let q be o(3). Suppose 5*g - 278 - 27 = 0. Let p = g - q. Calculate the highest common factor of p and 152.
38
Suppose -4*g = -0*n + n - 294, -5*g - 797 = -3*n. Let x = n + -260. Calculate the highest common factor of 7 and x.
7
Let z(l) = 2*l**3 - 3. Let r be z(2). Let j(u) = -9*u + 67. Let a be j(6). Calculate the highest common divisor of r and a.
13
Let w(n) = -n**3 + 23*n**2 + 8*n - 87. Let z be w(23). What is the highest common factor of 1 and z?
1
Let i = 200096 - 199853. Suppose -53 + 8 = -5*k. Calculate the highest common divisor of k and i.
9
Suppose -4*y - g + 458 = 0, y - 5*g - 36 = 68. Calculate the highest common divisor of y and 304.
38
Suppose 3499 = 177*g - 48893. What is the greatest common divisor of 962 and g?
74
Let p(w) = -w**2 + 83*w - 1120. Let j be p(43). What is the highest common factor of 650 and j?
50
Let p be (281*(21 + -8))/1. Suppose -26*o + 7501 + p = 0. What is the highest common divisor of 13 and o?
13
Suppose 30*y = 25*y - 3*k + 2013, -3*y - 2*k = -1207. Let o = 429 - 399. Calculate the highest common divisor of o and y.
15
Let z = 28 - 43. Let n(t) = 494*t + 65. Let p be n(z). Let l be p/(-45) - 3 - (-2)/(-9). What is the highest common divisor of l and 64?
32
Let c be -3 + (-4 - (-5 - 1)). Let u be c/(11/154*(-2)/19). What is the greatest common divisor of 19 and u?
19
Suppose 17*p = 4*j + 19*p - 6, 0 = 3*j - 5*p + 15. Suppose j = 50*a - 41*a - 1134. Calculate the highest common divisor of a and 72.
18
Let m be (-77)/(-14) + 2/(-4). Let d(z) = 2. Let i(j) = j - 1. Let q(p) = 2*d(p) + 2*i(p). Let h be q(m). Calculate the highest common factor of 60 and h.
12
Let a(w) = -18*w + 12*w**3 + 15 - 21*w**2 - 42 + 18*w**3 - 31*w**3 - 23*w. Let h be a(-19). What is the greatest common divisor of h and 510?
30
Suppose 3686 = 4*h + 2*u, -2*u + 593 + 318 = h. What is the greatest common factor of